2, 3
Let y(b) = b**2 + 9*b - 11. List the prime factors of y(-29).
569
List the prime factors of (15185/15)/(-3*(-5)/45).
3037
Suppose 6*d - 3*d - 48 = 0. Suppose -2*o - 2*o - d = -4*i, 3*o - 4 = -i. Suppose -g + 23 = i*g - 3*c, 2*g - 3 = -5*c. What are the prime factors of g?
2
Let y = 679 + 444. List the prime factors of y.
1123
Let j(i) = 6*i**2 + 184*i - 43. List the prime factors of j(-34).
7, 13
Let v(y) = 9*y**3 + y**2 + 2*y - 2. Suppose 18 - 22 = -q. Suppose -2 = q*d - 6*d. List the prime factors of v(d).
2, 5
Let c(d) = -d**3 + 17*d**2 + 22*d + 25. Let r be c(18). Suppose -s = -4*j - r, j + j - 463 = -5*s. What are the prime factors of s?
3, 31
Let w = 2 - -2. Suppose -246 = w*x - 1350. Suppose 8*c - x = 2*c. List the prime factors of c.
2, 23
What are the prime factors of -196*(-14)/4 + 0?
2, 7
Let j be ((-6)/(-7))/((-15)/(-70)). Suppose j*n - 94 = 2*g, 3*n - 63 - 25 = 5*g. What are the prime factors of n?
3, 7
Let c be 3 + (-5)/1 - 4. List the prime factors of (3/c)/(535/268 + -2).
2, 67
Let c(m) = 23*m - 10. Let s(o) = 8*o - 3. Let l(n) = -4*c(n) + 11*s(n). What are the prime factors of l(0)?
7
Suppose 283 - 27 = 8*p. List the prime factors of p.
2
Let i be -2 + 22/(-4)*4. Let l be 1/(2/i*-4). Let t(k) = 6*k**2 - 2*k + 2. List the prime factors of t(l).
2, 5
Let x(k) = 5*k - 13. Let j be x(10). Suppose -4*w - w - 5 = 0, -w - j = -2*z. Suppose v - 7 = 4*q + 9, -v + 5*q = -z. What are the prime factors of v?
2
Let a(k) be the first derivative of -k**4/4 + 2*k**3 + 3*k**2 + 10*k - 4. Let x be a(7). What are the prime factors of (9/6)/x*8?
2
Suppose 5*c - 25 = 3*j, -10 = 5*c + 3*j - 5. What are the prime factors of 271/3 - c - (-5)/(-15)?
2, 11
Let d be 4/6*(17 - 2). Let o(a) = -28 + 12*a - 11*a + 35. What are the prime factors of o(d)?
17
List the prime factors of (2 - 1)*(-42594)/(-62).
3, 229
Let s(k) = -111*k + 102. What are the prime factors of s(-2)?
2, 3
Let k(x) = 2*x**2 + x - 6. Let w(y) = y**2 + y - 3. Let m(s) = 3*k(s) - 5*w(s). Let c be m(3). Suppose -u + 25 = -c*u. What are the prime factors of u?
5
Let o(b) = 10*b**3 - 6*b**2 + 50*b + 31. List the prime factors of o(6).
5, 7, 13
Suppose 5*z = -7*w + 6*w + 8768, z - 1768 = -5*w. What are the prime factors of z?
1753
Let q = -314 - -608. What are the prime factors of q?
2, 3, 7
Let f be -1122*(4/10 + (-24)/10). List the prime factors of 2/3 - f/(-9).
2, 5
Suppose -9*u + 13*u = -2*p + 600, 900 = 3*p - u. List the prime factors of p.
2, 3, 5
Suppose -5*y = -4*v - 64, 4*v - 2*y - 10 = -86. Let p = v - -20. Let w(o) = -44*o**3 - 2*o**2 - 2*o - 1. What are the prime factors of w(p)?
43
Let u(s) = -s**2 - 7*s + 2. Let h(c) = -c - 4. Let a be h(4). Let v be u(a). Let f(l) = -l**3 - 6*l**2 - 5*l + 2. What are the prime factors of f(v)?
2
Suppose 4*g + 193 - 6172 = -5*x, -3*g + 3*x = -4491. List the prime factors of g.
2, 11, 17
Suppose 2*w = -3*w + h + 4719, 0 = w - 4*h - 959. What are the prime factors of w?
23, 41
What are the prime factors of -4*(8 + -7)*-58?
2, 29
Let d(n) = -5*n**3 + 2*n**2 + 3*n + 1. Let p be d(-1). Suppose p*o - z = 833, 2*z + 605 = 3*o + 108. What are the prime factors of o?
167
Suppose 4*n = 6*n + 2*b - 10, -3*n - b = -15. List the prime factors of 4/n - 66/(-5).
2, 7
Let a(u) = -3 + 8*u - 9 - 10*u. Let l be a(-6). Suppose l = 9*t - 4*t - 40. What are the prime factors of t?
2
Suppose 4*p + 16 = 2*o, 0 = 3*p - 3. Let m(k) = k**2 - 9*k - 9. Let c be m(o). List the prime factors of 30*((-9)/(-5) - c).
2, 3
Let t(f) = -2*f**2 + 19*f + 17. List the prime factors of t(7).
2, 13
What are the prime factors of ((-1038795)/(-230))/(6/4)?
3011
Let d(t) = 3*t**3 + 2*t**2 + 48*t - 211. List the prime factors of d(6).
797
Suppose 4*w = 4, 4*w + 6101 + 3755 = 5*t. What are the prime factors of t?
2, 17, 29
Suppose -728 = -2*f + 3*o - 122, -3*f + 4*o = -911. What are the prime factors of f?
3, 103
Let d = 7 + -7. Suppose d = -t + 3*t. Suppose -2*j - 2*j = -3*r - 10, -3*r - 5*j + 26 = t. What are the prime factors of r?
2
Let j(v) be the third derivative of 3/8*v**4 + 1/60*v**5 + 0 + 0*v - v**2 + 5/6*v**3. What are the prime factors of j(-11)?
3
What are the prime factors of (-8)/(-12)*75*(-314)/(-4)?
5, 157
Let k(c) = -6*c**3 - 2*c - 2. Let t be k(-1). Let j be t/(-2) - (0 + -312). Suppose -5*w + j = s, -4*s + 3 - 7 = 0. What are the prime factors of w?
2, 31
Suppose 12*v - 78 = -v. Suppose 932 = v*w - 2*w. List the prime factors of w.
233
Suppose -33 = 4*w - 257. Let x = -16 + w. Suppose 4*y = 6*y + 2*i - 78, y - x = -2*i. List the prime factors of y.
2, 19
Let k(x) = x**2 - 8*x + 4. Let c be k(6). Let y be (-3)/6 - (-2)/(-4). What are the prime factors of y - 3 - (c + -5)?
3
Let p be 3/1 + (-7 - -4). Let f be 0 - p/(-4 + 2). Suppose -84 - 96 = -5*v + 2*r, f = 5*v + 4*r - 210. What are the prime factors of v?
2, 19
Suppose -5442 = -11*k + 5*k. What are the prime factors of k?
907
Suppose 15*p - 2*v = 11*p + 10530, 2*p - 5245 = 5*v. What are the prime factors of p?
5, 17, 31
Let u = 1 - 5. Let t(p) = 5*p**2 + p - 1. List the prime factors of t(u).
3, 5
Suppose 0 = 3*q - 3*r + 6, -3 = 3*q - 5*r + 3. Let k be -5*q/(-4)*-2. Suppose k*l + 91 = 2*s, 2*l - 89 = -2*s + 5*l. What are the prime factors of s?
43
Let t be (92/6)/((-6)/(-9)). Let g = 17 - t. What are the prime factors of g*8/(-6) - 4?
2
Let u(g) be the third derivative of g**5/20 + g**4/24 - g**3/3 + 9*g**2. Let y be u(3). What are the prime factors of 70/6 - y/42?
11
Let c = -102 - -97. Let g(z) = z**2 - 6*z - 1. Let x be g(-4). Let k = x + c. List the prime factors of k.
2, 17
Let z(b) be the second derivative of -b**5/20 - b**4/12 - b**3/6 + 7*b**2 + 2*b. List the prime factors of z(0).
2, 7
Let u = -40 - -60. List the prime factors of 8/u + (-73)/(-5).
3, 5
Let h = -169 - -195. What are the prime factors of h?
2, 13
Let x(k) = -k**3 - 12*k**2 + 27*k - 8. Let f be x(-14). Suppose -f*j + 300 = -60. List the prime factors of j.
2, 3, 5
Let j(o) = -100*o + 20. What are the prime factors of j(-3)?
2, 5
Let x be 5/(45/(-2)) - (-214)/(-9). What are the prime factors of (x/9)/8 - (-80)/6?
13
Let k be (-8)/(-3) - (-2)/(-3). Suppose 4*c = x - 52, k*x - 2*c = -0*x + 86. What are the prime factors of x?
2, 5
Suppose -3*s = -20 - 385. Let b = 201 - s. What are the prime factors of b?
2, 3, 11
Suppose 5*b + 4 = 3*z + 38, -2*z = -b + 11. List the prime factors of 24/20 + 4/b.
2
Let o = 22 + -7. Suppose -3*i = -6*i + o. Suppose -z + 16 = 3*z, -4*c = -i*z - 136. What are the prime factors of c?
3, 13
Suppose 3*m + m = 2*f - 8, 5*f + 6 = -3*m. Suppose 180 = 4*c - f*c. List the prime factors of c.
3, 5
Let h = -15 - 85. Let u = -156 - h. Let p = u + 78. What are the prime factors of p?
2, 11
Let l(m) = 2*m**2 - 10*m - 18. Let y be l(14). Suppose 990 - y = 7*z. What are the prime factors of z?
2, 3
Let d(s) = 1 - 3 - 6*s - 2*s - 1. Suppose -t + 3 = 3*t - 3*n, 0 = -t - 4*n - 23. What are the prime factors of d(t)?
3, 7
Suppose 0 = -152*z + 158*z - 6. Suppose -3*c = 6*v - 5*v - 10, -3*v - 30 = -3*c. Let a = c + z. What are the prime factors of a?
2, 3
Suppose -2 = 3*b - 8. Suppose 5*x + 137 = 5*y - 18, 0 = 3*x + b*y + 88. List the prime factors of (-50)/(-15)*x/(-4).
5
Suppose 4*m + 5*f = -0*f + 503, -5*m + 625 = 5*f. Let b = m + -73. List the prime factors of b.
7
Let c = -1600 + 2563. What are the prime factors of c?
3, 107
Let t = -23 - -54. Let r be t - 0 - (5 + -8). Suppose -r = p - 93. List the prime factors of p.
59
Suppose 16 = -3*p + 11*p. Suppose d = p*d + 3*l - 236, 712 = 3*d + 5*l. List the prime factors of d.
239
Let z = -1056 + 2722. What are the prime factors of z?
2, 7, 17
Let k = 527 + -527. Let q = -69 - -99. Suppose w - q + 9 = k. List the prime factors of w.
3, 7
Let t(v) = -v**3 - v**2 + 2. Let s be t(-6). Suppose -100*x + 99*x + s = 0. List the prime factors of x.
2, 7, 13
Let d = -29 + 44. Suppose 1 + d = -4*c. What are the prime factors of (-239)/c - (-10)/40?
2, 3, 5
Let b = 3 + 25. Let t be 24/(-14) + (-8)/b. List the prime factors of (12/(-9))/(t/21).
2, 7
Suppose 5*m - 2390 = -5*n, -4*m + 5*n = -2031 + 101. List the prime factors of m.
2, 3, 5
Suppose 85 = 2*j - 3*d, -4*j - 5*d = -6*j + 91. Let u = -28 + j. What are the prime factors of u?
2, 5
Suppose f = 1, -2*c - c = 3*f - 90. Let g = c + -26. Supp